*2 + 2*f + 2. Let l be h(7). Let j = 521 + l. What are the prime factors of j?
2, 73
Let s = -735 - -1169. Suppose 5*l - 615 = -2*w, l + 785 = 4*w - s. What are the prime factors of w?
5, 61
Suppose -2834910 = 47*a - 164*a. List the prime factors of a.
2, 5, 2423
Suppose 5*z + 14179 = 2*b, 6*z + 14188 = 2*b + 4*z. Suppose 9777 = 13*x - b. List the prime factors of x.
2, 11, 59
Suppose 112*s - 244005 = 140301 + 51598. What are the prime factors of s?
2, 7, 139
Let r(l) = l - 1. Let t(i) = -13*i - 14. Let a(u) = -r(u) - t(u). Let b be a(10). Suppose 5*c - 245 = b. List the prime factors of c.
2, 19
Let u = 11 + -3. Suppose 3*w + o = 6, -5*o = -w - 3*w + u. What are the prime factors of (-1100)/(-28) + w/(-7)?
3, 13
What are the prime factors of (12/30 - (-3 - -4)) + 149503/5?
2, 5, 13, 23
Let g = -553 + 214. Let u = 550 + g. What are the prime factors of u?
211
Suppose 5*f + m - 20 = -4*m, 0 = 3*f + 2*m - 10. Let x(j) = 74*j**2 - 4*j + 4. List the prime factors of x(f).
2, 73
Suppose -4*q + 148 = -d, 3*q + 3*d = 2*q + 37. Let o = 30 - q. What are the prime factors of (-607)/o - (-40)/140?
3, 29
Suppose 270*l + 2799238 = 301*l. List the prime factors of l.
2, 13, 23, 151
Let n = -14456 - -21574. List the prime factors of n.
2, 3559
Let l = -3849 - -14761. What are the prime factors of l?
2, 11, 31
List the prime factors of (-5)/90 + ((-47455705)/90)/(-11).
5, 9587
Let c(r) = -202*r + 212. Let o be c(1). Let z(t) = t**3 - 4*t**2 + t - 4. Let p be z(4). Suppose -2*m + o = p, -2*f - f - m = -227. List the prime factors of f.
2, 37
Let l(a) = 191*a**2 + a - 8. What are the prime factors of l(-7)?
2, 73
Suppose 6 = 3*q - 6. Let r be -3 - -2 - (4/q - 1). List the prime factors of r*(-28)/10*35.
2, 7
Let d be ((-20)/14)/((-9)/(-21))*30. Let x be (-5)/(d/(-12)) - (-1148)/5. Let h = x + -60. What are the prime factors of h?
13
Suppose 92*c + 58526 = 111*c - 33947. What are the prime factors of c?
31, 157
Suppose 372 = -160*x + 156*x. Let z = 510 - x. List the prime factors of z.
3, 67
Suppose 4*u = 2*m - 46120, 6*u - 4221 = m - 27269. What are the prime factors of m?
2, 19, 607
Suppose -29*s + r = -34*s + 289605, 0 = 5*s - 4*r - 289605. List the prime factors of s.
3, 43, 449
Let o be 5697/(-12) + (-2)/8. Let m = o + 1027. What are the prime factors of m?
2, 3, 23
Let o(g) = -8*g + 3*g + 9 - g**3 + 8*g. Let l be o(0). What are the prime factors of ((-24)/l)/(2/(-9))?
2, 3
What are the prime factors of (1 + (-2295)/(-18) - (4 - 9))*10?
3, 5, 89
Suppose 3*h - 5*q - 170265 = 35081, -q = -h + 68446. What are the prime factors of h?
2, 3, 11, 17, 61
Let b(a) = -9*a**2 - 1226*a - 149. What are the prime factors of b(-63)?
2, 5171
Suppose 123 = 9*r + 33. Suppose -1605 = -r*z + 5*z. What are the prime factors of z?
3, 107
Let a be (-1 + -2)/((-135)/228870). Suppose 12*h - 11*h = -2, 5*d = -2*h + a. List the prime factors of d.
2, 509
Suppose 3*l + l - 79 = 3*z, l - 5*z = 41. Suppose 0 = -9*s + 13*s + l. List the prime factors of s/(12/(-163)) - 1/3.
2, 3
Let s(j) = j**2 + 64*j + 715. List the prime factors of s(-54).
5, 7
Let q be (-2)/(3 - 240/78). Suppose -462 = 25*z - q*z. List the prime factors of z.
2, 3, 7, 11
Let u be 56/32*-2*12/(-7). Suppose -u*k + 3*w = -7*k + 223, 3*k - 637 = -w. List the prime factors of k.
211
Let h = 30020 + -19458. List the prime factors of h.
2, 5281
List the prime factors of (-21280)/64*3100/(-35).
2, 5, 19, 31
Let l(m) = m**3 - 11*m**2 + 12*m - 15. Let w be l(10). Let y be -136 - (-5 - (w - 9)). Let b = 178 + y. List the prime factors of b.
43
Suppose -28 + 53 = -5*s. List the prime factors of -708*((-66)/12 - s).
2, 3, 59
Suppose l + 2*p - 2 = 3, -3*l = -3*p - 15. Suppose -4*r + m = l*m - 5520, 5*m - 20 = 0. What are the prime factors of r?
2, 43
Let a(d) = d**3 + 58*d**2 - 14*d + 193. List the prime factors of a(-56).
11, 659
Let z be (-12)/((-96)/5450) - (-3)/4. Let c = z - 110. List the prime factors of c.
2, 11, 13
Let z be (-252)/(-4) - (5 + -7). Let j = 102 - z. List the prime factors of j.
37
Let a(v) = -3*v**2 + 71*v + 23. Let t be a(24). Let r(n) = -33*n + 22. List the prime factors of r(t).
5, 11
Suppose -60*h - 3456 = -54*h. List the prime factors of (h/40)/(-2)*680/3.
2, 3, 17
Let y = 6933 + 9915. What are the prime factors of y?
2, 3, 13
Let w(y) = 19*y - 129. Let v be w(8). Suppose -31*z + v*z = -336. What are the prime factors of z?
2, 3, 7
Let q(m) = -m**3 - 14*m**2 + 14*m - 16. Let h be q(-15). Let r(y) = 256*y**2 + 4*y + 2. List the prime factors of r(h).
2, 127
Let q be (-4)/(-22) + (-582)/(-66) + -3. Suppose 0 = -4*v - 4*o + 12, 4*o + 12 = 3*v + q*o. Suppose -9*t + 372 = -v*t. List the prime factors of t.
2, 31
Suppose 0 = -3*i + 5*i. Let z be -13 + 70 + 1/(-1) + 1. Suppose 3*v + 21 - z = i. List the prime factors of v.
2, 3
Let a = 2212 + 11790. List the prime factors of a.
2, 7001
Let j(i) = 22*i**2 - 9*i - 889. List the prime factors of j(-41).
2, 3, 59, 103
Let n = -61 - -64. Suppose n*z + 11*b = 10*b + 1192, -2*b + 1187 = 3*z. List the prime factors of z.
3, 7, 19
Let m be (-2 - (77 + 3))/(4/12). Let l = 94 - m. What are the prime factors of l?
2, 5, 17
Let u(s) = -709*s + 122. Let d be u(-32). List the prime factors of (-3)/9 - d/(-30).
2, 5, 19
Let v(q) = -5*q**2 + 105*q - 10. Let p be v(12). Let h be 4/6 - (-19)/3. Suppose -h*x + 471 = -p. List the prime factors of x.
11, 13
Suppose -72*h = -379*h + 3597426. What are the prime factors of h?
2, 3, 7, 31
Suppose -59*h + 77*h = 53636 + 336046. List the prime factors of h.
21649
Suppose 5*f + 10799 = 2*g, 10 + 10 = 4*f. Suppose -9*h = 24*h - g. List the prime factors of h.
2, 41
Let t be 1247 + 4 + (-3)/1. Let q = t + -560. What are the prime factors of q?
2, 43
Suppose -14*w - 40 - 16 = 0. Let x be (w - (-90)/24) + 207/(-4). Let i = x + 63. What are the prime factors of i?
11
Let u(o) = 18*o + 39. Let m be u(-6). Let z = m + 65. Let r(d) = d**2 + 6*d + 13. List the prime factors of r(z).
5
Let b(s) = 20*s**2 + 5*s - 6. Let f(q) = 7*q**2 + 2*q - 2. Let r(p) = 4*b(p) - 11*f(p). Let y be r(-10). Let i = -151 + y. List the prime factors of i.
167
Suppose 30 = 17*k - 20*k. Let x = -5 - k. Suppose 4*w - h - 35 = 2*h, -x = w + 2*h. List the prime factors of w.
5
Suppose -5*h - 550 = 5*h. Let n = h - -59. List the prime factors of -1 - (474/n - 0)*-2.
2, 59
Let d = 21 - -24. Suppose 5 + 161 = -4*v + 2*c, d = -v - 3*c. What are the prime factors of 12/v - 16/(-7)?
2
Suppose 132755 = 4*r - 5*n, 618*n + 132760 = 4*r + 614*n. What are the prime factors of r?
3, 5, 2213
Let m be (-6)/8 + (7 - (-669)/12). Let n be 93/m*164/3. Suppose -4*g + n = -3*g. List the prime factors of g.
2, 41
Let p(g) = 177*g**2 + 62*g - 322. What are the prime factors of p(6)?
2, 13, 19
What are the prime factors of 54276*17/34 - -2?
2, 5, 23, 59
Suppose b - 6 - 6 = 0. Suppose -7*w + b*w = 20. Suppose -2*s - 4*d + 224 = 0, w*s - 2*d - 441 = -3*d. What are the prime factors of s?
2, 5, 11
Suppose -s + 7580 = 75*j - 72*j, 5*j = 3*s - 22796. List the prime factors of s.
2, 13, 73
Suppose 3*o - 3 = 0, 4*a + 5*o - 5 = -0. Suppose -5*j - x - 5 = a, 5*x + 19 + 6 = j. Suppose -5*b + 69 + 211 = j. What are the prime factors of b?
2, 7
Let l(r) = r**2 + 3*r - 2. Let m be l(-4). Let w = 2823 + -2824. List the prime factors of -4 + (m - w) - -35.
2, 17
List the prime factors of (-10)/(-6) - 2 - (-322584)/72.
2, 5, 7
Suppose 6*a = 12 - 6. Let s = a - -1. Suppose -3*t = -4*h + 122, -3*h = s*t + 3*t - 106. What are the prime factors of h?
2
Let u(o) = -o + 9. Let q be u(11). List the prime factors of (3 + -14)/(30/(-14) - q).
7, 11
Suppose 15 = -3*f - 5*v, -10 = -3*f + 3*v - 1. Suppose t + 3*k = -f*t - 9, -2*t = 4*k + 10. Let o(g) = 23*g - 11. List the prime factors of o(t).
2, 29
Let r(c) = -c**2 + 17*c - 25. Suppose -104 = -2*j - j - 5*f, 4*f = -4*j + 144. Suppose 54 = 3*d - 5*x, 4*x - j - 2 = -4*d. List the prime factors of r(d).
3
List the prime factors of (-19)/57 - (0 + (-53636)/6).
7, 1277
Let h be ((-154)/33)/(4/(-30)). List the prime factors of 106/((-10)/h*-1).
7, 53
Let i(f) = -f**3 - f**2 + 10*f + 9. Let x be i(-3). What are the prime factors of x/((-2)/1 - 769/(-386))?
2, 193
Let q = -16666 + 34051. What are the prime factors of q?
3, 5, 19, 61
List the prime factors of ((-1774)/8)/(135/